{"id":54,"date":"2018-09-14T13:38:14","date_gmt":"2018-09-14T11:38:14","guid":{"rendered":"http:\/\/polkatravel.webtec.pl\/?page_id=54"},"modified":"2024-10-02T13:11:20","modified_gmt":"2024-10-02T11:11:20","slug":"dlaczego-polka","status":"publish","type":"page","link":"https:\/\/polkatravel.pl\/incentive\/dlaczego-polka\/","title":{"rendered":"Dlaczego Polka"},"content":{"rendered":"<p>[et_pb_section fb_built=&#8221;1&#8243; _builder_version=&#8221;4.16&#8243; background_image=&#8221;https:\/\/polkatravel.pl\/incentive\/wp-content\/uploads\/2019\/01\/DLACZEGOPOLKA.jpg&#8221; custom_padding=&#8221;2%||2%|&#8221; global_colors_info=&#8221;{}&#8221;][et_pb_row _builder_version=&#8221;4.16&#8243; module_alignment=&#8221;center&#8221; custom_padding=&#8221;6%|||&#8221; global_colors_info=&#8221;{}&#8221;][et_pb_column type=&#8221;4_4&#8243; _builder_version=&#8221;4.16&#8243; custom_padding=&#8221;|||&#8221; custom_css_main_element=&#8221;text-align: center;&#8221; global_colors_info=&#8221;{}&#8221; custom_padding__hover=&#8221;|||&#8221;][et_pb_text admin_label=&#8221;Tytu\u0142 strony&#8221; _builder_version=&#8221;4.16&#8243; header_font=&#8221;|600||on|||||&#8221; header_text_align=&#8221;center&#8221; header_text_color=&#8221;#ffffff&#8221; header_font_size=&#8221;42px&#8221; background_color=&#8221;rgba(70,70,70,0.86)&#8221; text_orientation=&#8221;center&#8221; custom_padding=&#8221;35px|80px|25px|80px&#8221; custom_padding_tablet=&#8221;30px|70px|20px|70px&#8221; custom_padding_phone=&#8221;25px|60px|15px|60px&#8221; custom_padding_last_edited=&#8221;on|phone&#8221; header_font_size_tablet=&#8221;&#8221; header_font_size_phone=&#8221;25px&#8221; header_font_size_last_edited=&#8221;on|phone&#8221; custom_css_main_element=&#8221;display: inline-block;&#8221; global_colors_info=&#8221;{}&#8221;]<\/p>\n<h1>Dlaczego Polka<\/h1>\n<p>[\/et_pb_text][\/et_pb_column][\/et_pb_row][\/et_pb_section][et_pb_section fb_built=&#8221;1&#8243; _builder_version=&#8221;4.16&#8243; custom_padding=&#8221;2%||2%|&#8221; global_colors_info=&#8221;{}&#8221;][et_pb_row _builder_version=&#8221;4.16&#8243; background_size=&#8221;initial&#8221; background_position=&#8221;top_left&#8221; background_repeat=&#8221;repeat&#8221; global_colors_info=&#8221;{}&#8221;][et_pb_column type=&#8221;4_4&#8243; _builder_version=&#8221;4.16&#8243; custom_padding=&#8221;|||&#8221; global_colors_info=&#8221;{}&#8221; custom_padding__hover=&#8221;|||&#8221;][et_pb_text _builder_version=&#8221;4.16&#8243; text_font_size=&#8221;18px&#8221; text_orientation=&#8221;center&#8221; global_colors_info=&#8221;{}&#8221;]<\/p>\n<p>POLKA TRAVEL powsta\u0142a w 2007 z pasji do wypraw niekonwencjonalnych.<\/p>\n<p>Nasz\u0105 specjalizacj\u0105 s\u0105 tematyczne wyjazdy Incentive \u2013 <strong>kulinarne<\/strong>, <strong>enologiczne<\/strong>, <strong>taneczne<\/strong>, <strong>adventure<\/strong>, <strong>lejdis <\/strong>(dla managementu kobiecego). Dzia\u0142amy na wszystkich kontynentach.<\/p>\n<p>W ramach program\u00f3w lojalno\u015bciowych w POLKA TRAVEL pr\u0119\u017cnie dzia\u0142a <strong>Incentive House<\/strong>, kt\u00f3ry oferuje katalog ponad<br \/>\n<strong>25 000<\/strong> nagr\u00f3d. To jeden z najwi\u0119kszych katalog\u00f3w nagr\u00f3d w kraju.<\/p>\n<p>[\/et_pb_text][\/et_pb_column][\/et_pb_row][et_pb_row column_structure=&#8221;1_3,1_3,1_3&#8243; use_custom_gutter=&#8221;on&#8221; gutter_width=&#8221;4&#8243; _builder_version=&#8221;4.16&#8243; global_colors_info=&#8221;{}&#8221;][et_pb_column type=&#8221;1_3&#8243; _builder_version=&#8221;4.16&#8243; custom_padding=&#8221;|||&#8221; global_colors_info=&#8221;{}&#8221; custom_padding__hover=&#8221;|||&#8221;][et_pb_blurb title=&#8221;DO\u015aWIADCZENIE&#8221; use_icon=&#8221;on&#8221; font_icon=&#8221;&#xe106;||divi||400&#8243; icon_color=&#8221;#ffffff&#8221; image_icon_background_color=&#8221;#03d00e&#8221; image_icon_width=&#8221;38px&#8221; _builder_version=&#8221;4.27.2&#8243; header_font=&#8221;|700|||||||&#8221; header_text_align=&#8221;center&#8221; header_text_color=&#8221;#464646&#8243; header_font_size=&#8221;25&#8243; image_icon_custom_padding=&#8221;25px|25px|25px|25px|false|false&#8221; text_orientation=&#8221;center&#8221; hover_enabled=&#8221;0&#8243; custom_css_blurb_title=&#8221;padding-bottom: 15px;&#8221; border_radii_image=&#8221;on|100%|100%|100%|100%&#8221; icon_font_size=&#8221;38px&#8221; use_circle=&#8221;on&#8221; circle_border_color=&#8221;#1bbeab&#8221; circle_color=&#8221;#c4cb50&#8243; global_colors_info=&#8221;{}&#8221; image_icon_background_color__sticky_enabled=&#8221;#7EBEC5&#8243; image_icon_background_color__sticky=&#8221;#7EBEC5&#8243; sticky_enabled=&#8221;0&#8243;]<\/p>\n<p>Nasza kreatywna ekipa to piloci z ponad <strong>30<\/strong> letnim do\u015bwiadczeniem \u201ew trasie\u201d,<\/p>\n<p>Przeprowadzili\u015bmy wyprawy do<br \/><strong>129<\/strong> kraj\u00f3w na <strong>6<\/strong> kontynentach<\/p>\n<p>Znamy doskonale ofert\u0119, testuj\u0105c atrakcje \u201ena w\u0142asnej sk\u00f3rze\u201d<\/p>\n<p>Najwi\u0119kszy event \u2013 <strong>800<\/strong> os\u00f3b, <em>3 kraje podczas 1 wyjazdu Incentive<\/em><\/p>\n<p>[\/et_pb_blurb][\/et_pb_column][et_pb_column type=&#8221;1_3&#8243; _builder_version=&#8221;4.16&#8243; custom_padding=&#8221;|||&#8221; global_colors_info=&#8221;{}&#8221; custom_padding__hover=&#8221;|||&#8221;][et_pb_blurb title=&#8221;BEZPIECZE\u0143STWO&#8221; use_icon=&#8221;on&#8221; font_icon=&#8221;&#x7e;||divi||400&#8243; icon_color=&#8221;#ffffff&#8221; image_icon_background_color=&#8221;#03d00e&#8221; image_icon_width=&#8221;38px&#8221; _builder_version=&#8221;4.27.2&#8243; header_font=&#8221;|700|||||||&#8221; header_text_align=&#8221;center&#8221; header_text_color=&#8221;#464646&#8243; header_font_size=&#8221;25&#8243; image_icon_custom_padding=&#8221;25px|25px|25px|25px|false|false&#8221; text_orientation=&#8221;center&#8221; hover_enabled=&#8221;0&#8243; custom_css_blurb_title=&#8221;padding-bottom: 15px;&#8221; border_radii_image=&#8221;on|100%|100%|100%|100%&#8221; icon_font_size=&#8221;38px&#8221; use_circle=&#8221;on&#8221; circle_border_color=&#8221;#1bbeab&#8221; circle_color=&#8221;#c4cb50&#8243; global_colors_info=&#8221;{}&#8221; image_icon_background_color__sticky_enabled=&#8221;#7EBEC5&#8243; image_icon_background_color__sticky=&#8221;#7EBEC5&#8243; sticky_enabled=&#8221;0&#8243;]<\/p>\n<p>Mamy gwarancj\u0119 SIGNAL IDUNA na prawie <strong>2 000 000<\/strong> pln<\/p>\n<p>Posiadamy wszelkie wymagane licencje, koncesje<\/p>\n<p>Gwarantujemy stabiln\u0105 sytuacj\u0119 finansow\u0105<\/p>\n<p>Pracujemy tylko ze sprawdzonymi przez lata partnerami<\/p>\n<p>[\/et_pb_blurb][\/et_pb_column][et_pb_column type=&#8221;1_3&#8243; _builder_version=&#8221;4.16&#8243; custom_padding=&#8221;|||&#8221; global_colors_info=&#8221;{}&#8221; custom_padding__hover=&#8221;|||&#8221;][et_pb_blurb title=&#8221;WIEDZA&#8221; use_icon=&#8221;on&#8221; font_icon=&#8221;&#xe012;||divi||400&#8243; icon_color=&#8221;#ffffff&#8221; image_icon_background_color=&#8221;#03d00e&#8221; image_icon_width=&#8221;38px&#8221; _builder_version=&#8221;4.27.2&#8243; header_font=&#8221;|700|||||||&#8221; header_text_align=&#8221;center&#8221; header_text_color=&#8221;#464646&#8243; header_font_size=&#8221;25&#8243; image_icon_custom_padding=&#8221;25px|25px|25px|25px|false|false&#8221; text_orientation=&#8221;center&#8221; hover_enabled=&#8221;0&#8243; custom_css_blurb_title=&#8221;padding-bottom: 15px;&#8221; border_radii_image=&#8221;on|100%|100%|100%|100%&#8221; icon_font_size=&#8221;38px&#8221; use_circle=&#8221;on&#8221; circle_border_color=&#8221;#1bbeab&#8221; circle_color=&#8221;#c4cb50&#8243; global_colors_info=&#8221;{}&#8221; image_icon_background_color__sticky_enabled=&#8221;#7EBEC5&#8243; image_icon_background_color__sticky=&#8221;#7EBEC5&#8243; sticky_enabled=&#8221;0&#8243;]<\/p>\n<p>Wiemy o czym piszemy, co de facto warte jest zobaczenia, bo byli\u015bmy tam, a nie piszemy z pozycji biura<\/p>\n<p>Nieustannie bierzemy udzia\u0142 w targach, konferencjach, fam tripach \u2013 \u015bledz\u0105c trendy i nowo\u015bci<\/p>\n<p>Wsp\u00f3\u0142pracujemy bezpo\u015brednio z firmami z kraju eventu, bez agencji-po\u015brednik\u00f3w, korzystamy z lokalnego know-how<\/p>\n<p>[\/et_pb_blurb][\/et_pb_column][\/et_pb_row][et_pb_row column_structure=&#8221;1_3,1_3,1_3&#8243; use_custom_gutter=&#8221;on&#8221; gutter_width=&#8221;4&#8243; _builder_version=&#8221;4.16&#8243; global_colors_info=&#8221;{}&#8221;][et_pb_column type=&#8221;1_3&#8243; _builder_version=&#8221;4.16&#8243; custom_padding=&#8221;|||&#8221; global_colors_info=&#8221;{}&#8221; custom_padding__hover=&#8221;|||&#8221;][et_pb_blurb title=&#8221;ETYKA&#8221; use_icon=&#8221;on&#8221; font_icon=&#8221;&#xe0ff;||divi||400&#8243; icon_color=&#8221;#ffffff&#8221; image_icon_background_color=&#8221;#03d00e&#8221; image_icon_width=&#8221;38px&#8221; _builder_version=&#8221;4.27.2&#8243; header_font=&#8221;|700|||||||&#8221; header_text_align=&#8221;center&#8221; header_text_color=&#8221;#464646&#8243; header_font_size=&#8221;25&#8243; image_icon_custom_padding=&#8221;25px|25px|25px|25px|false|false&#8221; text_orientation=&#8221;center&#8221; hover_enabled=&#8221;0&#8243; custom_css_blurb_title=&#8221;padding-bottom: 15px;&#8221; border_radii_image=&#8221;on|100%|100%|100%|100%&#8221; icon_font_size=&#8221;38px&#8221; use_circle=&#8221;on&#8221; circle_border_color=&#8221;#1bbeab&#8221; circle_color=&#8221;#c7c84c&#8221; global_colors_info=&#8221;{}&#8221; image_icon_background_color__sticky_enabled=&#8221;#7EBEC5&#8243; image_icon_background_color__sticky=&#8221;#7EBEC5&#8243; sticky_enabled=&#8221;0&#8243;]<\/p>\n<p>Dbaj\u0105c o etyk\u0119 w biznesie \u2013 pracujemy tylko z licencjonowanymi i godnymi zaufania partnerami<\/p>\n<p>Przestrzegamy zasad uczciwej konkurencji<\/p>\n<p>Nasze oferty i systemy rozlicze\u0144 s\u0105 transparentne<\/p>\n<p>[\/et_pb_blurb][\/et_pb_column][et_pb_column type=&#8221;1_3&#8243; _builder_version=&#8221;4.16&#8243; custom_padding=&#8221;|||&#8221; global_colors_info=&#8221;{}&#8221; custom_padding__hover=&#8221;|||&#8221;][et_pb_blurb title=&#8221;KREATYWNO\u015a\u0106&#8221; use_icon=&#8221;on&#8221; font_icon=&#8221;&#xe00a;||divi||400&#8243; icon_color=&#8221;#ffffff&#8221; image_icon_background_color=&#8221;#03d00e&#8221; image_icon_width=&#8221;38px&#8221; _builder_version=&#8221;4.27.2&#8243; header_font=&#8221;|700|||||||&#8221; header_text_align=&#8221;center&#8221; header_text_color=&#8221;#464646&#8243; header_font_size=&#8221;25&#8243; image_icon_custom_padding=&#8221;25px|25px|25px|25px|false|false&#8221; text_orientation=&#8221;center&#8221; hover_enabled=&#8221;0&#8243; custom_css_blurb_title=&#8221;padding-bottom: 15px;&#8221; border_radii_image=&#8221;on|100%|100%|100%|100%&#8221; icon_font_size=&#8221;38px&#8221; use_circle=&#8221;on&#8221; circle_border_color=&#8221;#1bbeab&#8221; circle_color=&#8221;#c7c84c&#8221; global_colors_info=&#8221;{}&#8221; image_icon_background_color__sticky_enabled=&#8221;#7EBEC5&#8243; image_icon_background_color__sticky=&#8221;#7EBEC5&#8243; sticky_enabled=&#8221;0&#8243;]<\/p>\n<p>In\u017cynierowie, filolog hispanista, amerykanista, socjolog kulturoznawca i diabetolog &#8211; wszyscy z pasj\u0105 podr\u00f3\u017cy, to koktajl talent\u00f3w i zainteresowa\u0144 tak wszechstronny, \u017ce gwarantuje kreatywne programy<\/p>\n<p>Jeste\u015bmy liderem Podr\u00f3\u017cy tematycznych w Polsce \u2013 tematyczny Incentive to nadal nowo\u015b\u0107! Proponujemy wyjazd enologiczny, kulinarny, piwny, taneczny, przyrodniczy, filmowy lub lejdis trip<\/p>\n<p>[\/et_pb_blurb][\/et_pb_column][et_pb_column type=&#8221;1_3&#8243; _builder_version=&#8221;4.16&#8243; custom_padding=&#8221;|||&#8221; global_colors_info=&#8221;{}&#8221; custom_padding__hover=&#8221;|||&#8221;][et_pb_blurb title=&#8221;ROZW\u00d3J&#8221; use_icon=&#8221;on&#8221; font_icon=&#8221;&#xe0e2;||divi||400&#8243; icon_color=&#8221;#ffffff&#8221; image_icon_background_color=&#8221;#03d00e&#8221; image_icon_width=&#8221;38px&#8221; _builder_version=&#8221;4.27.2&#8243; header_font=&#8221;|700|||||||&#8221; header_text_align=&#8221;center&#8221; header_text_color=&#8221;#464646&#8243; header_font_size=&#8221;25&#8243; image_icon_custom_padding=&#8221;25px|25px|25px|25px|false|false&#8221; text_orientation=&#8221;center&#8221; hover_enabled=&#8221;0&#8243; custom_css_blurb_title=&#8221;padding-bottom: 15px;&#8221; border_radii_image=&#8221;on|100%|100%|100%|100%&#8221; icon_font_size=&#8221;38px&#8221; use_circle=&#8221;on&#8221; circle_border_color=&#8221;#1bbeab&#8221; circle_color=&#8221;#c7c84c&#8221; global_colors_info=&#8221;{}&#8221; image_icon_background_color__sticky_enabled=&#8221;#7EBEC5&#8243; image_icon_background_color__sticky=&#8221;#7EBEC5&#8243; sticky_enabled=&#8221;0&#8243;]<\/p>\n<p>Dynamicznie si\u0119 rozwijamy.<\/p>\n<p>Jeste\u015bmy Laureatem Z\u0142otej <strong>50<\/strong>-tki biur podro\u017cy (2010)<\/p>\n<p>Cz\u0142onek<span style=\"color: #000080;\"> <strong>SOIT<\/strong> <\/span>od <strong>2015<\/strong> roku<\/p>\n<p>Cz\u0142onek <span style=\"color: #ff0000;\"><strong>SITE<\/strong><\/span> od <strong>2016<\/strong> roku<\/p>\n<p><em>Cz\u0142onek\u00a0<strong>Poland Convention Bureau <\/strong>od\u00a0<strong>2020<\/strong> roku<\/em><\/p>\n<p><em>Trzykrotnie wygrali\u015bmy\u00a0<strong>POWER AWARDS <\/strong>w latach 2023, 2024 \u2013 za najlepsze projekty i dla najlepszej agencji Incentive<\/em><\/p>\n<p><em>Otrzymali\u015bmy nominacj\u0119 do \u015bwiatowej nagrody\u00a0<strong>CRYSTAL AWARDS <\/strong>2024<\/em><\/p>\n<p>[\/et_pb_blurb][\/et_pb_column][\/et_pb_row][\/et_pb_section]<\/p>\n","protected":false},"excerpt":{"rendered":"<p>Dlaczego Polka POLKA TRAVEL powsta\u0142a w 2007 z pasji&#8230;<\/p>\n","protected":false},"author":2,"featured_media":0,"parent":0,"menu_order":0,"comment_status":"closed","ping_status":"closed","template":"","meta":{"_et_pb_use_builder":"on","_et_pb_old_content":"","_et_gb_content_width":"","footnotes":""},"class_list":["post-54","page","type-page","status-publish","hentry"],"_links":{"self":[{"href":"https:\/\/polkatravel.pl\/incentive\/wp-json\/wp\/v2\/pages\/54"}],"collection":[{"href":"https:\/\/polkatravel.pl\/incentive\/wp-json\/wp\/v2\/pages"}],"about":[{"href":"https:\/\/polkatravel.pl\/incentive\/wp-json\/wp\/v2\/types\/page"}],"author":[{"embeddable":true,"href":"https:\/\/polkatravel.pl\/incentive\/wp-json\/wp\/v2\/users\/2"}],"replies":[{"embeddable":true,"href":"https:\/\/polkatravel.pl\/incentive\/wp-json\/wp\/v2\/comments?post=54"}],"version-history":[{"count":32,"href":"https:\/\/polkatravel.pl\/incentive\/wp-json\/wp\/v2\/pages\/54\/revisions"}],"predecessor-version":[{"id":1741,"href":"https:\/\/polkatravel.pl\/incentive\/wp-json\/wp\/v2\/pages\/54\/revisions\/1741"}],"wp:attachment":[{"href":"https:\/\/polkatravel.pl\/incentive\/wp-json\/wp\/v2\/media?parent=54"}],"curies":[{"name":"wp","href":"https:\/\/api.w.org\/{rel}","templated":true}]}}